 base 2.
-100110011000011010101010
Convert 7825 (base 14) to base 3.
1001112201
112220132 (base 4) to base 3
11201011102
What is 24907 (base 14) in base 4?
111313223
Convert 271471 (base 8) to base 13.
34343
-2c475c (base 15) to base 8
-10126344
What is -684343 (base 15) in base 5?
-2233203423
Convert -23320010221 (base 4) to base 12.
-10617a1
-571032 (base 12) to base 2
-101010011100111100110
What is -bdc (base 16) in base 6?
-22020
Convert -116423a (base 11) to base 2.
-111101110101001010011
Convert -661da (base 14) to base 15.
-4d44d
Convert -111322032 (base 4) to base 3.
-11120002210
What is 3bb8a (base 12) in base 8?
241732
d45eb (base 16) to base 12
35b48b
What is 2331323101 (base 4) in base 6?
24401321
Convert -330443031 (base 5) to base 11.
-891111
Convert -48577 (base 11) to base 5.
-4214101
1022155 (base 6) to base 15
eb1b
What is 114414 (base 5) in base 16?
1107
What is -5567275 (base 8) in base 4?
-11232322331
What is 616a75 (base 15) in base 11?
2682223
What is 21020012001 (base 3) in base 6?
3014431
What is 2204404 (base 5) in base 10?
38104
What is 111110110110111011111 (base 2) in base 12?
833b93
What is -151220265 (base 7) in base 12?
-3441546
2242340123 (base 5) to base 4
103033033123
-3347b (base 14) to base 9
-208542
What is 3223433 (base 5) in base 3?
2210021011
What is -298aa71 (base 11) in base 12?
-1871557
What is -1000501 (base 6) in base 14?
-130d7
-22022002113 (base 4) to base 8
-12120227
What is a13347 (base 16) in base 11?
5a66231
Convert 1aa1a90 (base 13) to base 3.
121121120121002
What is -10022023002 (base 4) in base 10?
-1090242
Convert 11231233103 (base 4) to base 5.
340414232
What is -221021120011022 (base 3) in base 8?
-63177751
What is -48d018 (base 14) in base 12?
-a0357a
165514426 (base 7) to base 11
6474791
Convert -120bb4 (base 15) to base 11.
-53a650
-1022329 (base 13) to base 16
-4a9923
-7067213 (base 8) to base 14
-367095
Convert a6e8b (base 15) to base 2.
10000001010101110101
What is 186429 (base 11) in base 9?
476223
What is 10221013110 (base 4) in base 16?
1291d4
What is -1011011111111011100 (base 2) in base 4?
-1123333130
What is -3075e (base 15) in base 6?
-3142455
Convert -30341 (base 15) to base 8.
-452043
Convert -a480e (base 15) to base 6.
-15102352
14102201 (base 5) to base 13
5074b
What is -24431131 (base 5) in base 13?
-82256
What is 1108d4 (base 14) in base 12?
23a5a2
-11112212022 (base 3) to base 4
-111313133
Convert 121376 (base 9) to base 11.
50007
3838050 (base 9) to base 8
7766363
Convert -4202308 (base 10) to base 13.
-b41996
22ba71 (base 13) to base 14
176c77
1010111000011001100111 (base 2) to base 13
78b458
20212303 (base 7) to base 15
233e27
Convert -2184ab (base 16) to base 14.
-412759
What is -22a1854 (base 11) in base 3?
-21112221011101
Convert 101101000110011011011 (base 2) to base 16.
168cdb
-1101001410 (base 5) to base 7
-26025213
What is -1032320022 (base 5) in base 3?
-11012021010220
-26258 (base 15) to base 7
-1015532
What is 20010222000 (base 3) in base 8?
354233
Convert 2455de (base 16) to base 12.
96a07a
-40b55b (base 12) to base 14
-1c5d31
Convert -76234 (base 11) to base 14.
-2c50c
Convert 12324567 (base 8) to base 10.
2730359
What is 330c82 (base 13) in base 12?
49b514
Convert 19575 (base 14) to base 15.
1404a
What is 1121000011011 (base 3) in base 2?
11001110101010010001
What is 90339 (base 12) in base 2?
101101101011011101
What is -1282b7 (base 16) in base 7?
-13211524
What is 77c99 (base 15) in base 4?
1130332230
-54003505 (base 7) to base 4
-101200200112
What is -3472314 (base 8) in base 4?
-3213103030
-6a9b4 (base 13) to base 4
-233212330
4078387 (base 11) to base 9
14483278
-3103110300 (base 4) to base 14
-187636
What is 54141524 (base 6) in base 3?
10000021100021
51209 (base 12) to base 2
11001110011101001
What is 4214054 (base 6) in base 13?
7203a
Convert -99177 (base 15) to base 11.
-302435
What is 1302112200 (base 4) in base 13?
135267
Convert -100101010011101100 (base 2) to base 15.
-30427
What is -377111 (base 8) in base 13?
-475c9
What is -22b0739 (base 13) in base 8?
-50671066
Convert -515606 (base 9) to base 10.
-305943
Convert -214346056 (base 7) to base 2.
-110001001001111101101001
Convert -3324a (base 11) to base 14.
-137da
What is 24423320 (base 6) in base 10?
780960
What is -a11ad (base 15) in base 16?
-7c83d
2414717 (base 8) to base 6
22104355
What is -200143 (base 9) in base 4?
-130313022
Convert 1a2bb (base 15) to base 11.
58954
32833 (base 11) to base 10
47589
What is 312156 (base 7) in base 9?
81463
2112020010000 (base 3) to base 12
549183
Convert 100001001000011001 (base 2) to base 10.
135705
Convert 7847821 (base 10) to base 16.
77bf8d
What is -1001110001111011011 (base 2) in base 4?
-1032033123
-ab1588 (base 16) to base 7
-164205352
Convert -203020034 (base 5) to base 4.
-3022133102
-1020220111 (base 3) to base 4
-12002032
-13036541 (base 7) to base 3
-2020020220212
What is 12384024 (base 9) in base 4?
113023333120
Convert -2331112122 (base 4) to base 2.
-10111101010110011010
206060 (base 10) to base 4
302103230
What is 1034242 (base 5) in base 8?
43230
What is 3fe9db (base 16) in base 12?
149bb8b
What is 100121020002 (base 3) in base 5?
22021400
-110110111010000111 (base 2) to base 5
-24144103
-25346037 (base 8) to base 10
-5622815
Convert -982c5 (base 13) to base 12.
-113270
Convert -1312001330 (base 4) to base 6.
-14210112
35253137 (base 8) to base 16
75565f
101111001010100000 (base 2) to base 4
233022200
What is 19f24 (base 16) in base 10?
106276
-5831e1 (base 16) to base 8
-26030741
What is 11100101100111000010 (base 2) in base 7?
10664634
-100100010110 (base 2) to base 12
-141a
-1440212 (base 6) to base 5
-10124044
Convert 12100002012 (base 3) to base 14.
2a3c7
What is -3002321022 (base 4) in base 12?
-325b76
-321432044 (base 5) to base 13
-3873b3
What is 4465255 (base 7) in base 8?
2072143
-25378 (base 9) to base 13
-7a0c
What is -2556455 (base 7) in base 8?
-1213500
-1256212 (base 7) to base 14
-44409
What is 24cbd9 (base 16) in base 2?
1001001100101111011001
Convert -200030130310 (base 4) to base 14.
-119992c
What is -101101201002 (base 3) in base 4?
-301331123
Convert 294368 (base 10) to base 7.
2334134
What is 240231220 (base 5) in base 10?
1102060
-11021100310 (base 5) to base 10
-11893830
What is -997769 (base 10) in base 9?
-1780612
-1031222121 (base 4) to base 7
-2463264
What is 1111101101111010 (base 2) in base 5?
4030003
Convert -10221010020000 (base 3) to base 12.
-848923
Convert -101001201121020 (base 3) to base 2.
-10100011001110000011110
Convert -117459 (base 10) to base 14.
-30b3d
What is 1172246 (base 8) in base 10?
324774
What is 26525b (base 12) in base 16?
9a127
-10241aa (base 11) to base 6
-102415000
Convert -d6f5 (base 16) to base 2.
-1101011011110101
What is -460465 (base 10) in base 4?
-1300122301
What is 68854b (base 14) in base 10?
3557271
Convert -193c4 (base 13) to base 6.
-1014505
What is 1032300211 (base 4) in base 9?
541461
-4126671 (base 8) to base 9
-2045338
Convert -310d9b (base 14) to base 7.
-20030554
Convert 131202444 (base 5) to base 13.
1987b5
-7917374 (base 10) to base 11
-4518493
Convert -231133233320 (base 4) to base 5.
-11023122040
What is -397c51 (base 13) in base 4?
-11102331301
Convert 524db (base 15) to base 3.
111020222222
Convert 404412203 (base 5) to base 4.
12100000130
-2bb115 (base 16) to base 15
-3b8621
-65547 (base 14) to base 5
-30322014
What is -1032032313 (base 4) in base 15?
-64e29
What is -99982 (base 12) in base 8?
-615462
39a853 (base 13) to base 8
5243216
-221200012012 (base 3) to base 7
-4203200
Convert -2421404341 (base 5) to base 4.
-111210103121
3629395 (base 10) to base 7
42564220
452c85 (base 14) to base 11
1366656
-238301 (base 9) to base 13
-5062c
What is -100212211212 (base 3) in base 7?
-1440101
What is -9056 (base 16) in base 2?
-1001000001010110
-51171 (base 16) to base 12
-140269
Convert 12014331 (base 5) to base 2.
11010111111111111
What is -215071 (base 12) in base 15?
-a62ba
12003132 (base 4) to base 13
b397
What is -1046404 (base 7) in base 3?
-20120122201
What is 3cbca (base 15) in base 16?
2f9e0
-880441 (base 11) to base 2
-101010111010001110001
2731815 (base 10) to base 4
22122330213
What is -3773b (base 12) in base 15?
-174de
2967b3 (base 13) t